9
Suppose -2*h + p + 30 = -3*p, -2*p = 10. List the prime factors of 54/h - 1/(-5).
11
What are the prime factors of (-98)/(-10) - 5/(-25)?
2, 5
Suppose 5*t - 2*t - 3 = 0. Let w be t*(-3)/((-9)/132). Suppose w = 4*b - 36. List the prime factors of b.
2, 5
Let k be 97/4 + (-12)/(-16). Let s = 42 - k. Suppose -2*m - 3*p = -s, 4 = -5*p - 1. List the prime factors of m.
2, 5
Suppose -3 = -s + 2*r, 2*r = -2*r - 12. Let i be (s/2*-2)/1. Suppose i*w + 0*w - 5*l - 16 = 0, 2*w = -4*l + 18. List the prime factors of w.
7
Let u(f) = f + 2. Let x be u(-11). What are the prime factors of -2 - (-18 + x/(-3))?
13
Let v(l) = -l**3 + 5*l**2 - 1. Let f be v(5). Let z be ((0 - -2)/2)/f. List the prime factors of (6/z)/(-1) + 1.
7
Let z(b) = -b**3 + 3*b**2 + 6*b - 4. Let l be z(4). Suppose l - 27 = -f. What are the prime factors of f?
23
Let p = 454 + -124. What are the prime factors of p?
2, 3, 5, 11
Let x(m) = -m**3 + 3*m**2 - 3*m + 2. Let l be x(3). Let r(g) = -g**2 - 9*g + 5. Let t be r(l). Let z = -10 + t. List the prime factors of z.
3
Let q = 47 + -15. What are the prime factors of q?
2
Let s be -1*(-4 - (-2 + 3)). Let l = s + -3. Suppose -l*r - 12 = 4*c - 48, 0 = -r. List the prime factors of c.
3
Let i(v) = v**3 - 5*v**2 - 6*v. Let l be i(6). Let m = 14 + l. What are the prime factors of m?
2, 7
Let q(d) = 3*d - 10. What are the prime factors of q(4)?
2
Let w(z) = -z**3 + 7*z**2 - 3*z + 9. Suppose 4 = -d + 2*o, -2*o = 2*d - 30 + 8. What are the prime factors of w(d)?
3
Let l(c) = -27*c + 15. List the prime factors of l(-5).
2, 3, 5
Let o = 9 - -15. Suppose -3*n + o = -39. List the prime factors of n.
3, 7
Suppose 3*x - 13 - 2 = 0. Let l(w) = 4*w. Let u be l(x). Suppose 20 = 5*c - u. List the prime factors of c.
2
Suppose -4 = -2*i + 4. Suppose 8 = k + i. Suppose k*a + 4*r - 12 = 0, 0 = -0*r - r. List the prime factors of a.
3
Suppose 5*r = 4*c - 7*c, 4*r - 32 = 4*c. Let i = r + -2. Let j = i - -9. List the prime factors of j.
2, 5
Suppose -5*g = 2*q - 290, 5*g - 5*q = 7 + 248. What are the prime factors of g?
2, 7
Let f = 4 + 11. Suppose n + 4*n = 2*p + 51, 2*p = n - f. List the prime factors of n - (2 + -1 + 1).
7
Let k(i) = -13*i**3 + 3*i + 2. What are the prime factors of k(-2)?
2, 5
Let k = -8 - -11. Suppose -3*p + 0*z + 5*z = -59, 2*p + k*z - 14 = 0. List the prime factors of p.
13
Let x(a) = a**3 + 6*a**2 + 6*a + 8. Let u be x(-5). Suppose 5*m - 185 = 3*r, 5 = 2*m - u*r - 69. What are the prime factors of m?
37
List the prime factors of ((-341)/44)/(1/(-4)).
31
Suppose 2*q + 3*q - 840 = 0. Suppose -4*l - q = 40. What are the prime factors of (-2)/3 - l/6?
2
Suppose h - 2*h = 0. Suppose h = r - 2*r + 13. Suppose 2 + 1 = -3*q, -4*q = -3*f + r. List the prime factors of f.
3
Let l(s) = 28*s - 6. What are the prime factors of l(7)?
2, 5, 19
Let j = 38 - -70. What are the prime factors of j?
2, 3
Let q = 61 + -10. List the prime factors of q.
3, 17
Let i(s) = s**3 + 3*s**2 + 2*s + 3. Let m(b) = -b**3 + 4*b**2 + 1. Let c be m(2). Let h be (-2)/c - 16/9. List the prime factors of i(h).
3
Let i(m) = m**2 - 5*m - 6. Let q be i(5). Let b(y) = -2*y - 3. List the prime factors of b(q).
3
Let i(d) = -6*d**2 - d**2 + 4 + 7*d - 7 + d**3. Let a be i(6). List the prime factors of (a/(-6))/(1/(-12)).
2, 3
Let i be (-8 - -3)*8/5. Let t(v) = v + 12. What are the prime factors of t(i)?
2
Let u be (3 - 25*-1) + 3. Let i = u - 20. List the prime factors of i.
11
Suppose 84 = 3*l + 12. What are the prime factors of l?
2, 3
Let b = -10 + 14. What are the prime factors of b?
2
Suppose 0 = 12*q - 14*q + 80. Let h = 9 + -2. Suppose -q = 3*g - h*g. List the prime factors of g.
2, 5
Suppose -4*n = -3*x + 714, -690 = 3*x - 6*x - 4*n. What are the prime factors of x?
2, 3, 13
Suppose 7 = -4*w - 1. Let b = w - -7. List the prime factors of b.
5
Let m be -9 - -1 - (-1 - 1). List the prime factors of 3 + -3*2/m.
2
Let v(w) = 9*w**2 - 3*w**3 - 9 + 4*w + 4*w**3 - 2*w**2 - 2*w**3. What are the prime factors of v(7)?
19
Suppose 0 = g - 6*g + 20. Suppose l + g*l - 80 = 0. Suppose i = -i + l. What are the prime factors of i?
2
Let d be 10 + 11 + 2*1. Suppose -q - 83 = -2*v, 142 = 3*v - 3*q + 13. Let p = v - d. What are the prime factors of p?
17
Let c(t) = 2*t**2 - 2*t + 3. Let f be c(2). Suppose -4*g - 23 = -f, -3*g = -m + 24. What are the prime factors of ((-40)/m)/(4/(-6))?
5
Suppose 3*i - 4 = 4*j + 19, 6 = -3*j. Suppose i + 3 = 2*l. Suppose -4*b + b + 30 = -l*q, -q = -b + 11. List the prime factors of b.
2, 7
Suppose 3*r + 65 = -4*y + 4*r, 5*r - 5 = 0. Let i be ((-36)/8)/(6/y). Let d = i + -4. List the prime factors of d.
2
Let b(i) = i + 1. Let w be b(1). Suppose -w*v + 24 = h, 2*h - v = h + 36. List the prime factors of h.
2
Suppose 4*w + 12 + 0 = 0. Let u = w + 6. What are the prime factors of u?
3
Suppose 0*m - 5*m = -210. What are the prime factors of m?
2, 3, 7
Suppose 8*l = 3*l + 895. What are the prime factors of l?
179
Suppose 2*v + v = -4*l + 19, 0 = -4*v + 4. Suppose 0 = -2*a + l*a. Suppose -29 = -5*m + 3*x, a = -x - 2*x - 9. What are the prime factors of m?
2
Let j(h) = 2*h**2 - h - 5. What are the prime factors of j(3)?
2, 5
Suppose 7*p - 2*p = -295. Let g = p - -83. Suppose -g = -v - v. What are the prime factors of v?
2, 3
Let b(o) be the second derivative of -o**5/20 + 2*o**4/3 - 7*o**2/2 - 3*o. What are the prime factors of b(7)?
2, 3, 7
Let k(z) = z**3 - z**2 + 4. Suppose 3*u - 5 = 2*u. Let a(f) = f**2 - 6*f + 5. Let p be a(u). What are the prime factors of k(p)?
2
Let q(s) = s**3 + 8*s**2 + s + 4. Let a be q(-8). Let p(v) = -v**2 - 4*v. Let j be p(a). What are the prime factors of j + 0 - (3 + -14)?
11
Suppose 0 = 4*n - 0*n - 40. Suppose 2*b = b - n. Let m = b - -21. List the prime factors of m.
11
Let s = 228 + -125. What are the prime factors of s?
103
Let k = 9 - 4. Suppose -4*m + 17 = 5. Suppose 21 = m*f + 2*w - 3, -k*f + 21 = -3*w. List the prime factors of f.
2, 3
Let x(p) = -p**2 + 14*p + 11. List the prime factors of x(12).
5, 7
Suppose 7*b = 4*b + 12. Let d = b - 2. What are the prime factors of d?
2
Let m be -1 - -6 - 8/8. Let j = -10 - -14. Suppose m = 4*y - j. List the prime factors of y.
2
Suppose 68 = 5*d + 18. What are the prime factors of d?
2, 5
Let p(q) = 6*q**2 + q + 5. List the prime factors of p(-3).
2, 7
Suppose 0 = -6*m + 96. What are the prime factors of m?
2
List the prime factors of ((-354)/(-8))/3 - 5/(-20).
3, 5
Suppose -2*q = t - 20 - 49, t = 5*q - 162. List the prime factors of q.
3, 11
Suppose 3*y + 4*s - 337 = 0, 2*y - 6*s = -s + 194. List the prime factors of y.
107
Let j(q) = q**2 + q - 3. Suppose 5*a - 3 + 18 = 0. Let n be j(a). Suppose g = -2*g + n*h + 21, -4*h - 20 = -3*g. What are the prime factors of g?
2
Suppose 0*z = -4*z + 600. List the prime factors of z.
2, 3, 5
Let s(d) = -d - 3. Let a be s(-8). Suppose -g + 5*n - n + 41 = 0, a*n = -2*g + 95. Suppose -5*x = f - 15, -4*f - 4*x = -f - g. What are the prime factors of f?
3, 5
Suppose 12*c - 152 = 8*c. List the prime factors of c.
2, 19
Let t = -50 - -314. List the prime factors of t.
2, 3, 11
Let t(c) = c**2 - 6*c. Suppose -3*z + p = -15, 2*z - 2*p = -0*z + 10. Let i be t(z). List the prime factors of i*1*(-12)/20.
3
Let j = -21 - -72. What are the prime factors of j?
3, 17
Let c(q) = 12*q**2 + 4*q - 8*q**3 + 9*q**3 - 1 - 5*q**2. Let w be (-1 + 3)/(1/(-3)). What are the prime factors of c(w)?
11
Let w(l) = -l - 2. Let q be w(-2). Let m = 13 - q. List the prime factors of m.
13
Let l be (-2)/9*3*-12. Let j = l - -4. What are the prime factors of j?
2, 3
Suppose -2*s + 67 = 2*u - s, 2*u - 64 = -2*s. List the prime factors of u.
5, 7
Let y(b) = -b + 8. Let s be y(9). Let d be 2*(s + 1 + 1). Suppose d*k = 12 + 12. List the prime factors of k.
2, 3
Let k = 108 + 16. What are the prime factors of k?
2, 31
Suppose 0*p + 2*p - 4 = 0. Suppose -2*z - p*r + 3 = -3, -2 = -2*r. Suppose -2*y = 4*j - 30, 4*y + 4*j - z*j = 36. List the prime factors of y.
7
Let r = 17 + -17. Suppose r + 2 = p. List the prime factors of p.
2
Let t(j) = 7*j**3 + 10*j**2 - j + 1. Let l(v) = 4*v**3 + 5*v**2 - v + 1. Let b(q) = -5*l(q) + 3*t(q). List the prime factors of b(-4).
2, 3
Let x(q) = -q**2 - 5*q - 1. What are the prime factors of x(-2)?
5
Suppose 5*b + 96 = -109. Let y = -22 - b. List the prime fa